-11)/985787*2) a prime number?
False
Suppose 0 = -0*i - 15*i + 15. Let x(h) = h + 50. Let k be x(0). Is i - (-2 - k/1) prime?
True
Let d be (-14)/91 - (0 - 41/13). Suppose -d*g - 406 = -5*g. Is g a prime number?
False
Let h be 11171/5 - 5/25. Is (h/4)/((-10)/(-20)) composite?
False
Suppose 6*o = 2*o - 5*z + 133, -3*z = -2*o + 83. Is o a prime number?
True
Let f(r) = -4*r**3 + r**2 + r - 3. Let i(m) = 2*m**2 + 3*m**3 - 28 + m + 2*m - 15*m**3 + 20. Let x(c) = -11*f(c) + 4*i(c). Is x(-3) a prime number?
True
Let y = 63 - 61. Suppose y*h = 2*k - 254 - 138, 0 = -2*k - 2*h + 372. Is k composite?
False
Let c(s) = 145*s**2 - 17*s - 71. Is c(-5) prime?
False
Suppose 8*b = -0*b + 40. Suppose -5*x + 1170 = w, 0*x - 5965 = -b*w - 2*x. Is w a prime number?
False
Let s(b) = b**3 + 13*b**2 - 14*b + 2. Let k be s(-14). Suppose -4*o = 2*j - 18, -k*j - 5*o + 0*o = -21. Suppose 0 = y - j*y + 12. Is y prime?
False
Suppose a - 1764 = -a. Let t = a + -466. Suppose s = -3*d + t, 3*s + d = 4*s - 404. Is s composite?
True
Let k(w) be the first derivative of -w**4/4 - 7*w**3/3 + w**2/2 + 10*w + 3. Let x be k(-7). Let y(m) = 13*m**2 + 4*m + 2. Is y(x) composite?
False
Suppose -5*m + 5 = -5. Suppose m*c - 24 = -2*c. Suppose -c = -5*t + 3*t. Is t prime?
True
Let h be (-68)/(-18) - ((-6)/27 - 0). Suppose 0 = h*s, -5*x + 3*s - s + 2035 = 0. Is x composite?
True
Suppose -5*w = -5*v - 4*w + 22, 4*w - 4 = -3*v. Let u = -119 - -326. Suppose 3*t - u = -7*y + 4*y, 0 = -y + v*t + 94. Is y composite?
True
Let j(n) be the second derivative of 3*n**5/5 - n**4/3 - 5*n**3/6 - n**2/2 + 17*n. Is j(4) composite?
False
Let m be (-12)/(-5) - 4/10. Is 1*-1054*(-1)/m a composite number?
True
Let t(j) = j**3 - 16*j - 16. Is t(7) a prime number?
False
Let c(s) = -3*s**2 - 5*s + 10. Let d(z) = 5*z**2 + 10*z - 19. Let m(a) = 7*c(a) + 4*d(a). Let v be m(5). Is 6915/90 + (-1)/v composite?
True
Let u be -2*46/28 - (-182)/637. Let r(q) = 71*q**2 - 3*q - 1. Let m(b) = -71*b**2 + 2*b + 2. Let o(h) = -3*m(h) - 2*r(h). Is o(u) composite?
True
Let t(u) be the first derivative of -19*u**2/2 - 4*u + 1. Suppose 9*r - 4*r + l = -6, -l = 4*r + 4. Is t(r) prime?
False
Let w(o) = 3753*o**2 - 8*o + 12. Is w(-5) composite?
True
Let w(s) = 3*s + 14. Let l be w(6). Suppose 0 = 3*o - 4*y + 183, -2*o - 91 - l = -3*y. Let v = 170 + o. Is v a composite number?
False
Let m(l) = l**2 + 3*l - 1. Let s be (-4)/(0/1 + -2). Let z be m(s). Suppose -z*f + 8*f + 413 = 0. Is f composite?
True
Let k be (260/(-25))/(4/(-130)). Suppose 5*u - k = 1097. Is u composite?
True
Let l(i) be the second derivative of 721*i**3/6 - 21*i**2/2 + 24*i. Is l(4) prime?
False
Suppose 49000 = -5*j + 200835. Is j composite?
False
Suppose -352062 = -27*b + 954279. Is b a composite number?
False
Let q = 36 - 34. Is 1110 + (0 + q)/(4 + -2) a prime number?
False
Let g(x) be the first derivative of 405*x**2/2 + 77*x + 42. Is g(12) prime?
True
Let d(u) = 2*u**3 + u**2 + 11*u - 3. Is d(13) a prime number?
True
Let d = 4527 + -214. Is d a prime number?
False
Suppose 2*p = -3*b + 2042, 3*p = -b - 3*b + 2723. Let y = b + -308. Let f = y - 249. Is f prime?
False
Let d(y) = -2239*y + 147. Is d(-8) composite?
False
Suppose 0*q - 4*h = -4*q + 612, -q - 2*h + 147 = 0. Suppose -5*u = -r - 0*r + q, -3*u + 811 = 5*r. Is r composite?
True
Suppose -p = -2*p. Suppose 36*h - 32*h - 3528 = p. Suppose 5*c - h = 233. Is c prime?
True
Suppose -10*p + p + 18 = 0. Is (14602/(-21))/(p/(-3)) a composite number?
True
Let m(b) = -b**3 + 5*b**2 + 7*b - 4. Let l be m(6). Let y(t) = -33*t - 193. Let s be y(-6). Suppose l*j = s*j - 7635. Is j composite?
True
Let l(k) = -5229*k**3 + k**2 + 3*k. Is l(-1) composite?
False
Let l(g) = g**3 + 41*g**2 - 62*g - 21. Is l(-41) composite?
False
Suppose -2*m - 2 + 14 = 0. Suppose 2*o = -m, o + o = -z + 125. Is z a composite number?
False
Let z be (-1 - (-280 - 2))/((-10)/(-430)). Suppose -5*r - 5*b + 8812 = -z, -3*r = -b - 12529. Is r composite?
False
Suppose j + 2 - 4 = 0. Let x be (3 + -2)/(1/j). Is 1/((x/(-115))/(-2)) composite?
True
Let n(h) = -387*h + 97. Is n(-12) a prime number?
False
Let n be (2772/15)/((-3)/15). Let b = -425 - n. Is b a prime number?
True
Let r = 1736 - -693. Is r composite?
True
Suppose -5*h = 2*a - 583 + 110, -4*a = -5*h - 1021. Let b be 5*(1/1 - 1868/(-20)). Let y = b - a. Is y prime?
True
Let v(g) = 2*g - 6. Let m be v(5). Suppose m*y - 2 + 6 = 0. Let h = 37 - y. Is h a composite number?
True
Let q be 3 + -3 + (0 - -882). Suppose 20 = -5*l, -2*l + q = 5*d - 2265. Is d composite?
False
Let k = -28 - -30. Suppose -4*i + 3*o = 316, -4*i - k*o - 249 = 47. Let w = i + 129. Is w a composite number?
False
Let y(i) = -i**3 - 10*i**2 - 9*i - 11. Let x be y(-9). Let j(u) = -u**2 - 13*u + 25. Is j(x) a composite number?
False
Let y(h) = h**3 - 17*h**2 + 17*h - 15. Let q be y(16). Is (5 + 158)*q + -4 a composite number?
True
Let p(f) = f + 30. Let a be p(-15). Is 1/(20/15324) + (-3)/a prime?
False
Suppose 883880 = -6*b + 46*b. Is b composite?
True
Suppose 2*q = 8, 3*f - 4*f + 5*q = 875. Let u = 2690 + -1344. Let c = f + u. Is c a prime number?
True
Let f(j) = 1498*j - 18. Let n be f(-13). Let u = n - -12196. Is u/(-15) - 6/(-10) composite?
False
Let c = 3216 + 283. Is c a composite number?
False
Let l(p) = 92*p + 98*p - 43 + 36. Is l(2) a prime number?
True
Suppose -k - k = -4*s - 10, -3*s = 0. Is (k - 4)*(570/1 + 1) a prime number?
True
Suppose 0 = 3*t + 5*t - 50968. Is t composite?
True
Let k = 18 - 16. Suppose -7*d + k*d + 2285 = 0. Is d a composite number?
False
Let s be (0 + 549)/(1/(-7)*-7). Suppose -7*a = -3692 + s. Is a a prime number?
True
Let n(c) = 17*c**3 + 2*c**2 + 4. Let k = -69 + 72. Is n(k) composite?
True
Suppose 15 = l + 3. Let y(u) = 51*u + 17. Is y(l) a prime number?
False
Let f(z) be the first derivative of z**3/3 + 5*z**2/2 + 5*z + 1. Let x = 859 - 853. Is f(x) a composite number?
False
Let t = 5 + -2. Suppose -4*w = -t*o + 9, -3*o - 2*w + 30 = w. Is 62/((-7)/(o/(-2))) prime?
True
Suppose 2*u = 635 - 31. Suppose 4*h - u = 406. Is h a composite number?
True
Suppose 3*l - 14 = l - w, 0 = -3*w + 12. Suppose l*g - 8*g = -2613. Is g prime?
False
Let a = 8 - 9. Is -2 + a - (-6207 - 7) a composite number?
False
Suppose 0 = -54*l + 55*l - 82. Let k = l - 47. Is k composite?
True
Suppose -6*b + 3*b - 4*q - 3 = 0, q = -4*b - 4. Is 12 - -10 - (-3)/b composite?
False
Let v(g) = 128*g**2 + 15. Let m be v(4). Suppose -1755 = -2*q + m. Is q composite?
True
Let x = -5852 + 8301. Is x composite?
True
Let t(h) be the third derivative of h**4/12 + 20*h**3/3 + 7*h**2. Let f(u) = -u - 20. Let s(i) = -5*f(i) - 2*t(i). Is s(15) prime?
False
Suppose -2156 = -6*i + 1090. Is i composite?
False
Let n(k) = -181*k - 27. Let b be n(-4). Let h be 40/(2*1/23). Suppose 3*d - v = -0*v + b, -3*v - h = -2*d. Is d a prime number?
True
Let p(k) = -k**3 + 5*k**2 - 4*k + 2. Let x be p(2). Suppose x = -b + 4*b. Suppose b*y - 4*c = 338, -c - 30 = -2*y + 299. Is y composite?
False
Suppose -5*h + 21894 = 3*q, 3*q + 2*h - 922 - 20981 = 0. Is q composite?
True
Let v be 226*(-3 - 5/(-10)). Let x(h) = -h - 791. Let s be x(0). Let f = v - s. Is f a composite number?
True
Suppose 0 = 3*h - 35 + 20, 2*w - 12909 = h. Is w a composite number?
True
Suppose -5*d - 5 = 5*w, -4 = -3*d - w - 3. Is ((-404)/(-8) + d)*2 a composite number?
False
Suppose 4*o - 1271 = u, -u + 2*o = -0*o + 1261. Let l = u - -2310. Is l a prime number?
False
Let q(f) = 29*f**2 - 20*f - 66. Is q(-9) prime?
False
Let j(k) = 405*k**2 - 30*k - 244. Is j(-9) composite?
False
Let z = 40 + -46. Is (2559/z)/(1/10*-1) a composite number?
True
Let p = 50 - 46. Suppose 394 + 1197 = p*o + w, 5*o = w + 1982. Is o a prime number?
True
Suppose -11*c = -8*c - 39099. Is c a composite number?
False
Let h(s) = -6*s**3 - s**2 + 1. Let i be h(1). Let g(b) = 7*b**2 + 10*b - 18. Let l be g(8). Is (-9)/i - l/(-4) prime?
False
Let m be ((-1051)/2)/(55/(-10) + 5). Let b = -282 + m. Is b composite?
False
Suppose -4*n = -52816 - 1780. Is n a composite number?
False
Let k = -5 - -7. Let q be -22 + 19 + 2 + 1. Suppose -2*z + q*z + 3*a = -383, k*z = -a + 403. Is z a composite number?
False
Suppose -21*o = -13*o + 16. Is 6*1/o + 1262 prime?
True
Suppose -19*c = -4*c - 107115. Is c composite?
True
Suppose 3*a + 8*a =